 a prime number?
False
Is 656995723 a composite number?
False
Is 55178323 a composite number?
False
Is 36874753 composite?
True
Is 22278353 a composite number?
False
Is 20043213 a prime number?
False
Is 601397 a prime number?
True
Is 355841 composite?
False
Is 24333809 a prime number?
True
Is 49747583 prime?
True
Is 4104521 composite?
True
Is 9519871 a prime number?
False
Is 730511 composite?
True
Is 247501 prime?
True
Is 5271889 composite?
True
Is 1966859 a composite number?
True
Is 20308238 a prime number?
False
Is 2299823 composite?
False
Is 115929703 a composite number?
True
Is 116436289 a composite number?
False
Is 318348139 a prime number?
True
Is 293609 a prime number?
False
Is 5319393 a prime number?
False
Is 6493667 a prime number?
True
Is 4446731 composite?
False
Is 5333 a prime number?
True
Is 289343 a prime number?
True
Is 451361461 composite?
False
Is 375745 a composite number?
True
Is 88337069 a composite number?
False
Is 3898253 a composite number?
True
Is 20502479 composite?
False
Is 3381971 a composite number?
False
Is 40803731 composite?
False
Is 117403757 a prime number?
False
Is 246899 composite?
False
Is 484829 prime?
True
Is 10735783 a composite number?
False
Is 459291413 prime?
False
Is 1453187 a prime number?
False
Is 65146723 a prime number?
True
Is 131716217 a prime number?
True
Is 3566341 a prime number?
True
Is 8327317 a prime number?
False
Is 1052671 a composite number?
True
Is 240486973 prime?
True
Is 52047719 composite?
False
Is 28249913 a prime number?
False
Is 15206561 composite?
False
Is 35955149 a composite number?
False
Is 17798179 composite?
True
Is 45192899 a composite number?
False
Is 12019993 a prime number?
True
Is 7966451 prime?
True
Is 34394257 a composite number?
False
Is 768673243 a prime number?
False
Is 120768191 composite?
True
Is 6787273 prime?
True
Is 9183445 a composite number?
True
Is 94976273 a prime number?
False
Is 7141522 a prime number?
False
Is 1259279 a composite number?
True
Is 10275149 prime?
True
Is 4614521 a composite number?
False
Is 51708137 a prime number?
False
Is 9833437 prime?
True
Is 3161953 a composite number?
False
Is 980801 a composite number?
False
Is 541389 a composite number?
True
Is 68975003 composite?
False
Is 22667349 a composite number?
True
Is 6963721 composite?
True
Is 80311243 composite?
True
Is 3161287 prime?
False
Is 6555781 a prime number?
True
Is 1040444059 a prime number?
True
Is 3597127 prime?
True
Is 373832047 prime?
False
Is 467101 a prime number?
True
Is 1374151 prime?
False
Is 52416127 a composite number?
False
Is 1971097 prime?
False
Is 1056197 a prime number?
False
Is 5684479 prime?
True
Is 1499293 composite?
True
Is 24553931 prime?
True
Is 128852383 prime?
False
Is 2677999 a composite number?
True
Is 12691511 a composite number?
True
Is 18546377 prime?
True
Is 31161811 a prime number?
True
Is 24438201 a prime number?
False
Is 1293277 prime?
True
Is 377352301 composite?
False
Is 190013237 a composite number?
False
Is 49713271 a prime number?
True
Is 162888721 a prime number?
False
Is 3315307 prime?
False
Is 1498921 prime?
True
Is 87815551 a composite number?
False
Is 236741039 a composite number?
False
Is 37344469 composite?
False
Is 26726561 a composite number?
False
Is 58321 composite?
False
Is 36860393 prime?
False
Is 70876939 prime?
False
Is 14700391 a prime number?
True
Is 44750653 prime?
False
Is 5023721 composite?
True
Is 238001039 composite?
False
Is 32546837 a composite number?
False
Is 76589501 a prime number?
True
Is 49013929 composite?
False
Is 2405051 prime?
False
Is 224944289 composite?
True
Is 191224459 a composite number?
False
Is 1384862 prime?
False
Is 41665207 a prime number?
True
Is 99294613 composite?
True
Is 14061154 prime?
False
Is 13188097 a prime number?
False
Is 37388555 prime?
False
Is 12436591 composite?
False
Is 8527051 prime?
False
Is 3321509 composite?
True
Is 234429158 prime?
False
Is 16217893 a prime number?
True
Is 35652889 prime?
True
Is 3884011 prime?
True
Is 2210855 composite?
True
Is 4296311 prime?
False
Is 18060491 a composite number?
False
Is 2450317 a prime number?
False
Is 88660841 a composite number?
False
Is 575655253 composite?
True
Is 73491971 composite?
True
Is 1299383 a composite number?
True
Is 2022997 composite?
True
Is 9963233 composite?
True
Is 3451859 a composite number?
False
Is 57692689 a prime number?
False
Is 17828663 a prime number?
True
Is 2880721 a prime number?
False
Is 60963257 a prime number?
False
Is 14989199 prime?
True
Is 190439 prime?
False
Is 2669369 composite?
False
Is 5381287 a prime number?
False
Is 118582361 a composite number?
True
Is 202109883 a composite number?
True
Is 4019047 prime?
True
Is 91581077 prime?
False
Is 336035611 a composite number?
True
Is 3184081 composite?
True
Is 278036263 prime?
True
Is 1558207 composite?
True
Is 82872367 a composite number?
True
Is 41793982 prime?
False
Is 33039793 prime?
True
Is 130937743 a composite number?
False
Is 10609399 composite?
False
Is 5629471 prime?
False
Is 131066989 prime?
True
Is 885323 a prime number?
False
Is 11028041 prime?
True
Is 73538881 a composite number?
True
Is 977353 composite?
True
Is 121169765 prime?
False
Is 25541419 a prime number?
True
Is 7496702 a prime number?
False
Is 15156853 a composite number?
True
Is 678809 a prime number?
True
Is 11796329 a prime number?
True
Is 51816229 prime?
True
Is 7466917 composite?
False
Is 223302481 a prime number?
False
Is 7075313 a composite number?
True
Is 2295557 a prime number?
False
Is 50283109 a composite number?
False
Is 10161077 prime?
True
Is 338942 a composite number?
True
Is 17032787 prime?
True
Is 16306949 a prime number?
True
Is 30997947 prime?
False
Is 1062197 prime?
True
Is 70971053 a composite number?
False
Is 5354033 composite?
True
Is 72510199 a composite number?
True
Is 5863373 a prime number?
True
Is 4150889 composite?
False
Is 6952093 prime?
True
Is 1291523 a prime number?
True
Is 11301737 a prime number?
True
Is 3714565 a prime number?
False
Is 427807753 a composite number?
False
Is 85552489 a prime number?
False
Is 2725009 prime?
False
Is 1411703 composite?
False
Is 153655241 composite?
False
Is 51257791 composite?
True
Is 594692039 a composite number?
True
Is 121450211 prime?
True
Is 17276279 composite?
True
Is 11231063 a composite number?
True
Is 52971199 composite?
True
Is 6825454 composite?
True
Is 94546453 prime?
True
Is 89774147 a composite number?
False
Is 320324699 a prime number?
True
Is 230759905 composite?
True
Is 6122741 prime?
False
Is 23677997 composite?
True
Is 92020889 composite?
False
Is 84050485 a prime number?
False
Is 17167585 prime?
False
Is 43202041 a composite number?
True
Is 5241437 composite?
False
Is 77500253 a composite number?
False
Is 1143341 prime?
True
Is 18294649 a prime number?
True
Is 22469 composite?
False
Is 554549 a composite number?
True
Is 200156353 composite?
True
Is 3516439 a prime number?
False
Is 30042497 a composite number?
True
Is 4325059 a prime number?
True
Is 47615107 prime?
False
Is 37934321 a composite number?
False
Is 969869263 a prime number?
False
Is 52302817 composite?
True
Is 7254307 a prime number?
True
Is 43099383 prime?
False
Is 108037717 prime?
True
Is 4485683 a composite number?
False
Is 40502669 prime?
False
Is 8087617 prime?
True
Is 21129859 composite?
False
Is 15623269 a prime number?
True
Is 1266191 a composite number?
False
Is 41512823 a prime number?
False
Is 527146 a composite number?
True
Is 34789101 prime?
False
Is 3896471 a composite number?
True
Is 231016399 a prime number?
False
Is 10157083 prime?
False
Is 5756651 a composite number?
True
Is 579263 prime?
True
Is 413419 a composite number?
True
Is 99297577 prime?
False
Is 64553669 a prime number?
False
Is 96643 a composite number?
False
Is 127415569 composite?
False
Is 2540717 a prime number?
False
Is 409553 prime?
False
Is 94589699 prime?
False
Is 5091467 a prime number?
True
Is 1180757 prime?
True
Is 11594641 a prime number?
True
Is 16575151 a prime number?
False
Is 1752031 a composite number?
False
Is 329629259 a prime number?
True
Is 14312083 a prime number?
False
Is 169255 prime?
False
Is 23789399 a prime number?
True
Is 918077 a composite number?
True
Is 46436567 composite?
False
Is 12434753 a prime number?
True
Is 35724847